-3).
6
Let j(k) = -10*k + 57. Let x be j(6). Let g(y) = 2*y**2 + y - 7. What is g(x)?
8
Let g(j) = 36*j + 3*j**2 - 39*j - 4*j**2. Calculate g(-3).
0
Let t(b) be the third derivative of -b**5/30 - 7*b**4/24 - b**3/6 + 3*b**2. Suppose n = 2*d + 9, d = -2*d + 5*n - 10. Give t(d).
-16
Let m(n) = n**2 - 3*n - 5. Suppose -113 = 2*w - 29. Let k = 26 + w. Let c be (-2 + (-12)/k)*-4. Give m(c).
5
Let d(i) = -6*i - 2*i**2 + 3 + 12*i**3 - 17*i**3 + 6*i**3. Let m(j) = -j**2 + j + 14. Let w be m(0). Suppose -k - 2*g = -w, -3*k - g + 17 = -0*g. What is d(k)?
11
Let s(d) = d**2 + 788 - 1569 - 12*d + 793. Determine s(11).
1
Suppose 20 = -3*z + 11. Let n(a) be the third derivative of 1/3*a**3 - 1/12*a**4 + 0 - 1/60*a**5 - 11*a**2 + 0*a. Determine n(z).
-1
Suppose 8*o = 3*o - 5, -a - 2 = -o. Let d(n) = -n**2 - 9*n**2 + 11*n**2. Calculate d(a).
9
Let i(a) = 5*a**2 + 2*a + 2. Suppose -2*k + 3*n = 19, -5*k - n = 4*n - 15. Determine i(k).
18
Let g(h) = -h**2 + h + 2. Let j be g(3). Let l(x) be the first derivative of x**4/4 + 4*x**3/3 + x**2 - 12. Give l(j).
-8
Let w(p) = 2*p**2 - 4. Let o = -138 + 142. Determine w(o).
28
Let c(t) = -t**3 + 4*t**2 - 22*t - 16. Let x(j) = 3*j**3 - 11*j**2 + 70*j + 48. Let m(p) = -13*c(p) - 4*x(p). What is m(7)?
9
Let f(p) = p**2 - p - 4. Suppose r - 4 = 3*y - 16, 3*r + 15 = 2*y. Let v be (-3 - (-3)/(3/y))/(-2). Calculate f(v).
-4
Let b(q) = -5*q**3 - 2*q**2 - 5*q - 5. Let n(s) = -s**3 + s**2 - s + 1. Let w(d) = -b(d) + 6*n(d). Calculate w(8).
3
Let a(d) = -8*d - 1. Suppose -4*r = n + 6 - 0, -5*r = n + 7. Give a(n).
15
Let r(u) = 4*u**2 + u + 5. Let q(j) = -4*j + 5*j - 13 + 12 - j**2. Suppose -4*m = 0, -3*g + 3*m = 2*g + 5. Let n(l) = g*r(l) - 2*q(l). Give n(-2).
-5
Let t(w) = -w**3 + 3*w**2 + 9*w + 11. Let p be t(5). Let h(o) = -o + 20. Give h(p).
14
Let n(k) = 7*k + k**3 - 222 - 10*k**2 + 3*k + 467 - 234. Give n(9).
20
Let i be 3/(-6)*3*2. Let j be (0 - 0)*i/3. Let x(m) = -1 - m + 2*m + 0*m. What is x(j)?
-1
Let y(q) be the second derivative of 5*q**4/12 + q**3/6 + q**2/2 + 5*q. Let o be y(-1). Let i(v) = -v**3 + 6*v**2 - 6*v + 2. Give i(o).
-3
Let a(w) = -8*w**3 - w**2 + w. Suppose 0 = -0*b + 2*b + 8. Let c be -2 - (0 + b + 1). Calculate a(c).
-8
Suppose -21 = -3*d + 3*k, d + 6 - 1 = -3*k. Let l(a) = -5*a + 10. Give l(d).
-10
Let q(s) = 29*s**2 + 12*s - 22. Let c(f) = 13*f**2 + 6*f - 10. Let h(t) = 9*c(t) - 4*q(t). Suppose -j - 25 = 4*j. Calculate h(j).
-7
Let n(z) = z + 7*z**2 - 2*z**2 + 25 - 24. Let x be (-4)/6*3*(-1)/(-2). Give n(x).
5
Let h(a) = a**2 + 4*a. Let w = -11 - -1. Let o be (3 - (-1 - w)) + 1. Let f be (-11 - o)*4/6. Determine h(f).
0
Suppose 10 = 4*t + t. Let a(f) = -4*f**2 + 3*f**2 - 4*f**2 + t + 4*f**2. Let k(y) = y**2 - 9*y - 10. Let x be k(10). Calculate a(x).
2
Let w(u) = u + 9. Let x(j) = -j**3 + 15*j**2 + 17*j - 23. Let y be x(16). Determine w(y).
2
Let g be 6/9 + 50/6. Suppose -27 = -g*c + 6*c. Suppose y - 7 = -4*s + 2*y, -5*s = -y - c. Let u(q) = q**3 + q - 2. Determine u(s).
8
Let d be (171/12)/(3/8). Let a(t) = 39*t**2 - 7*t + 9 - d*t**2 - 4*t. Give a(6).
-21
Let c(k) = 2*k**2 - 7*k - 5. Let q(a) = 9*a + a**2 + 10*a - 25*a - 4. Let i(u) = -2*c(u) + 3*q(u). Calculate i(-3).
1
Let x(u) be the second derivative of -u**5/20 + 2*u**4/3 - u**3 + 5*u**2 - 127*u. Determine x(7).
17
Let v(k) = -4*k + 13. Suppose 11*z - 177 = -100. Calculate v(z).
-15
Let v(m) = -m. Let t(j) = 14*j + 6. Suppose 0 = -9*p - 93 - 15. Let k(d) = p*v(d) - t(d). Suppose 0 = -3*a - 0*a - 15. Calculate k(a).
4
Let r(b) = b**3 + 7*b**2 + 7*b - 3. Let u be r(-6). Let s = -6 - u. Let l(q) = -q + 0 - s*q**2 + 3 + 4*q**2. Determine l(3).
9
Let y be (-2904)/(-30) - 8/10. Let q be ((-4)/(-6))/(4/y). Suppose -4*b = -0 + q. Let n(d) = -2*d + 1. Give n(b).
9
Let f(k) = -14 - 2*k + 3 + 10. Let g be -5*1 + (1 - -1). Give f(g).
5
Let t(n) = -n + 5. Suppose 0 = 3*z + 6*z - 144. Let q = -20 + z. Calculate t(q).
9
Suppose -4*k + a + 4 = -0, -5*a - 1 = -k. Let d(c) = -6*c + 2. Let u be d(k). Let j(g) = g**3 + 3*g**2 - 3*g - 2. What is j(u)?
-6
Let l(x) = -3*x - 18. Let p(c) be the second derivative of 5*c**3/6 + 27*c**2/2 - 2*c + 7. Let o(t) = 8*l(t) + 5*p(t). Calculate o(6).
-3
Let l(k) = -23 - 2*k**2 + 46 + 3*k**2 - 33. Give l(-3).
-1
Let p(z) be the first derivative of z**4/4 + z**3/3 - z**2 - 4*z - 190. Give p(-4).
-44
Let q(k) = 0 - 5 - k**2 + 3*k + 3. Let i be q(2). Let z(u) = i*u + 3*u + 1 + 0. Calculate z(3).
10
Let r(j) = -5*j**3 + 21*j**2 + 9*j + 28. Let p(b) = 2*b**3 - 11*b**2 - 4*b - 14. Let n(v) = 7*p(v) + 3*r(v). What is n(-14)?
0
Let f(u) = -2*u - 7. Let m be f(-8). Suppose r + 7 = m. Let p(x) = 2*x**2 + x - 2*x**2 - 3*x**r - 2*x. What is p(-1)?
-2
Let k(a) = 16*a. Let d be 8/12*(-18)/(-12). What is k(d)?
16
Let y(l) be the second derivative of -3*l**3/2 + l**2/2 - 27*l + 3. Calculate y(-2).
19
Let z(j) = -j**3 - j**2 + 5*j + 3. Let m be z(-3). Let d(x) be the first derivative of x**3/3 - 3*x**2 + 2*x - 1806. Determine d(m).
2
Let q(a) = -a**3 - 5*a**2 + 8*a + 6. Suppose 5*v + 10 = -20. Give q(v).
-6
Let w(k) = 11*k - 4. Suppose -9*x - 1530 + 1539 = 0. Calculate w(x).
7
Let p = 3 + 0. Let f(t) = 0*t**2 + 2*t**2 + p - t**2 + 3*t. Let b be -5 + (-13)/(-4) + (-5)/20. Calculate f(b).
1
Suppose z - 3*v + 39 + 26 = 0, 337 = -5*z + 3*v. Let o = 68 + z. Let p(b) = -b**3 + b**2 - 2. What is p(o)?
-2
Let r(j) = j**2 + 2*j + 5. Let w be ((4/(-3))/2)/((-2)/6). Let a(v) = -v - 2. Let y be a(w). What is r(y)?
13
Let u be (-48)/27 + 105/135 + -1. Let b(i) = -2*i**2 + 10*i + 18. Calculate b(u).
-10
Let w = -42 + 46. Let c = -1 - w. Let o(k) = -k**2 - 5*k - 2. Calculate o(c).
-2
Let u(n) be the second derivative of -n**5/4 + n**4/12 - n**2/2 - 371*n. Suppose 5*j - 4*b + 1 = -8, 4*j - 3*b + 7 = 0. What is u(j)?
5
Let x(w) = w - 16. Let j(m) = 8. Let u(q) = -7*j(q) - 3*x(q). Give u(-5).
7
Let k(r) = -153*r - 146*r + 293*r + 3*r**2 + r**3 - 5. Determine k(-4).
3
Let n(a) = -a + 1. Let i(c) = -5*c + 2. Let l(v) = -i(v) + 4*n(v). Let z be (-4 - (-144)/40)/((-2)/(-10)). Calculate l(z).
0
Suppose 15 = 9*j - 4*j. Suppose 3 = -i + 3*o, j*i - 6*i + 3*o + 9 = 0. Let d(q) = -q + i - 3 + 3*q. Give d(5).
13
Let l(v) be the third derivative of v**5/60 + v**4/24 - 19*v**3/6 + 24*v**2. Let k(i) be the first derivative of l(i). Suppose 0 - 10 = -5*n. Give k(n).
5
Let h(x) = -11*x - 33. Let c(s) = -3*s**2 - 214*s - 74. Let b be c(-71). What is h(b)?
0
Let d(v) = -4 - 20*v**2 - 3*v + 8*v**2 + 7*v**2 + 6*v**2 + 2. Give d(3).
-2
Let h(p) = 8*p - 3. Suppose 10*w = 5 + 25. Give h(w).
21
Let u(k) be the first derivative of -k**2/2 + 4*k + 359. What is u(-14)?
18
Let o = 10 + -5. Let v = -8 + 12. Let j(l) = -6*l**2 - v + 0 + 4*l + 0 - 1 + l**3. Give j(o).
-10
Let x be 32/48*(-9)/2. Let b be x/7 + (-66)/42. Let u(d) = -d**3 - d**2 - d + 1. Give u(b).
7
Let m(i) = -2*i - 320 + 318 + 5*i. Give m(-4).
-14
Let k be 120/55 + 2/(-11). Suppose k*r = -1 - 1, 20 = 5*l - 5*r. Let s(b) = -1 + l*b + 4*b**2 + b - b**2 - 2*b. What is s(1)?
4
Let i(z) = -2*z**2 + 4 + 0*z**2 + z**2 + 3*z. Let v be (-330)/(-70) - 4/(-14). Let l be (6 - 7)/((-1)/v). Give i(l).
-6
Suppose 5*u - 1 = 9. Let w(q) = 5*q**3 - 2*q**2 - 2*q + 3. What is w(u)?
31
Let o(a) = -2*a + 1. Let f(g) = 5*g - 37. Let d be f(7). What is o(d)?
5
Let i(p) = -19*p - 9. Let m(v) = -10*v - 5. Let q(l) = 6*i(l) - 11*m(l). Let s be 6/(-4)*(-252)/54. Suppose s = -4*z + 19. Calculate q(z).
-11
Suppose 4*s + 12 = -2*q, -2*q = -5*s + 17 + 13. Let p(k) = -k**3 - 9*k**2 + 11*k + 6. Give p(q).
-4
Let p(n) be the first derivative of 2*n**3/3 + 11*n**2/2 - n + 131. Give p(-6).
5
Suppose 9 = -3*r, 7*m = 10*m - 3*r + 15. Let f(w) be the first derivative of w**3/3 + 7*w**2/2 - 5*w - 1. Give f(m).
3
Let n = -152 - -76. Let i = -77 - n. Let d(x) = 10*x**3 + 2*x**2 + 2*x + 1. Calculate d(i).
-9
Let x be (1/3)/((-5)/(-75)). Suppose 5*q = 8 + 7. Let k(m) = 0*m**2 + 3*m**q - 5*m**2 - 2*m**3 - 3. Calculate k(x).
-3
Let u be (3/(-2))/((-39)/208). Let d(h) = -h**3 + 8*h**2 + 2*h - 1. Let m be d(u). Let l = -17 + m. Let o(j) = -j**3 - j**2 + 3*j + 2. Determine o(l).
0
Let c(f) = -f**3 - 8*f**2 + f + 11. Let n(q) = -q**2 + 2*q + 22. Let v be n(5). Let p be -7 - -6 - (-2)/((-2)/v). Give c(p).
3
Let y(m) = 3*m - 14. Suppose -3*s - 50 = 4*u, -7*s + 6*s - 4*u - 30 =